ime factors of j.
2
Let p = -20 - -56. Suppose -3*m + p = h, 2*m = -2*m - 2*h + 46. What are the prime factors of m?
13
Let b = 8 + -5. Suppose 4*y - b*y - 14 = 0. List the prime factors of y.
2, 7
Suppose 7*b - 67 - 304 = 0. What are the prime factors of b?
53
Let v be (-66)/4*4/3. List the prime factors of v/2*(9 + -10).
11
Let p = 0 - -3. Suppose -4*g + 19 = p. What are the prime factors of g?
2
Let y(z) = z**3 - z**2 - 1. Let l(b) = b**3 - 12*b**2 - 11*b - 14. Let k(r) = l(r) - 2*y(r). Let p be (0 + 3/(-1))*3. List the prime factors of k(p).
2, 3
Let p be ((-78)/18)/((-1)/3). Suppose -6*a + 1 = -4*a - 5*s, -5*a + 2*s = -p. List the prime factors of a.
3
Suppose -10 = n - 24. List the prime factors of n.
2, 7
Let t be (4/(-6))/((-2)/12). Suppose -2*c - m - 7 = t*m, -4*m = -c + 29. List the prime factors of c.
3
What are the prime factors of (28/6)/((15/(-108))/(-5))?
2, 3, 7
Suppose 0*q - 3*q + 183 = 0. Let u = q - 34. List the prime factors of u.
3
What are the prime factors of 5/(-2) + 2495/10?
13, 19
Suppose 4*u + 5*s + 6 = 0, 2*u - 4*s = -2*s - 12. What are the prime factors of (-53)/(-4) + 1/u?
13
Let h(z) = z**3 + 7*z**2 + 3*z. Let x be h(-6). Let f = -10 + x. Suppose -12 = -4*w + f. List the prime factors of w.
5
Suppose -3*w + 278 = -2*k, 89 = w - 0*w + 3*k. Suppose 3*b + b = w. List the prime factors of b.
23
Suppose 3*k = 2*a + 1, -4*k = -a + 2 - 10. Suppose k*c + 205 = 8*c. What are the prime factors of c?
41
Let p be (-3 + -1 + 2)*30. List the prime factors of p/(-33) - (-4)/22.
2
Suppose 4 = b - 0. Let c(y) = y**2 + y - 4. Let k be c(b). Let t = -5 + k. List the prime factors of t.
11
Suppose i = -4*g - g + 333, 4*i = -4*g + 1332. List the prime factors of i.
3, 37
Let i = 8 - -278. What are the prime factors of i?
2, 11, 13
Let c(n) = 3*n - 15. List the prime factors of c(7).
2, 3
Let b = 202 - 97. What are the prime factors of b?
3, 5, 7
Suppose 5*n - n = -m + 7, -5*n + m + 11 = 0. Let d = 34 + n. Suppose b + 3*b - d = 0. What are the prime factors of b?
3
Suppose 0*n + 2*l = 4*n + 72, -2*l - 72 = 5*n. Let a = n + 24. What are the prime factors of a?
2
Suppose -6*b + 28 = -2*b. Suppose -4*n = -b*n - 12. What are the prime factors of 4/8 + (-22)/n?
2, 3
Let o(d) = -d**3 - 4*d**2 + 10*d + 12. Let y(j) = -j**3 - 4*j**2 + 9*j + 11. Let b(v) = -4*o(v) + 5*y(v). Let u = 2 - 7. What are the prime factors of b(u)?
7
Let h(q) = q - 2. Let m(i) = 3*i - 1. Let g be m(2). List the prime factors of h(g).
3
Let o(g) = g**3 - 2*g**2 + 128. List the prime factors of o(0).
2
Let o be -1 + 0 + -13 + -1. Suppose -5*h - 2*a = -6, -3*h + a = -2*h - 4. What are the prime factors of 3/(o/h)*-5?
2
Suppose 0 = -4*y + 27 + 5. Let d = y - 6. List the prime factors of d.
2
Let i be (84/(-30))/(2/10). Let o = i - -21. What are the prime factors of o?
7
Let u = 2 + 0. Let i be 3 + u/(-1) - -40. Let r = i - 27. List the prime factors of r.
2, 7
Let y = 30 - 22. Suppose -y = w - 47. What are the prime factors of w?
3, 13
Suppose -2*b - 104 = -5*k, 3*k = -k + 3*b + 79. List the prime factors of k.
2, 11
Suppose -k - k = -3*t - 160, -k + 2*t + 82 = 0. Suppose -3*g - k = -4*x - g, 5*g = -3*x + 62. What are the prime factors of x?
19
Suppose 4*s - 4*a = 36, -17 = -0*s + 2*s + 5*a. Suppose 0*r = -r - w + 12, s*w = -r + 18. What are the prime factors of r?
2, 5
Let l be (2 + -1 - 1)/(-2). Suppose -4*b - 26 = 2*p, p + l = 2*b + 7. What are the prime factors of (-1)/p + (-16)/(-6)?
3
Suppose 0*c - 4 = -x + 4*c, 8 = 2*x + 3*c. Suppose -x*y - z = -143, -2*y = -4*z - 0*z - 76. Suppose y = 2*h + 2*h. What are the prime factors of h?
3
Suppose 3*x = w + 9, 2*x - 15 = -3*x - 5*w. Suppose 118 = 4*y + 2*z, 121 = y + 3*y + x*z. What are the prime factors of y?
2, 7
Let a(w) = -w**3 + 6*w**2 + w + 2. Let g be a(6). Suppose p = -p + g. List the prime factors of p.
2
Let x = -1 - -16. Suppose 25 - x = 5*u. List the prime factors of u.
2
Let h be (21/(-3))/(-1) + -4. What are the prime factors of -45*h*(-8)/36?
2, 3, 5
Let q(y) = y**2 - 7*y - 1. Let b be q(7). What are the prime factors of -2 + (-3)/b - -22?
23
Let v be -3 - 1/((-2)/56). Suppose 2*k + 5*d = -v, -k - d = k + 5. Let b(i) = i**2 + i + 3. What are the prime factors of b(k)?
3
Let m be (-6)/(-8) + 1988/16. Suppose m = 3*z + 2*z. What are the prime factors of z?
5
Suppose 2*y - 466 = -2*y + 2*p, -p = 4*y - 457. Suppose 69 = 3*b - 0*b - 5*u, -5*u = -5*b + y. What are the prime factors of b?
23
Let b(p) = 4*p**2 + 2*p - 1. Let s be b(-4). Let u = s - 29. List the prime factors of u.
2, 13
Suppose 3*r + 130 = 4*r + 5*g, -2*r + g + 227 = 0. What are the prime factors of r?
5, 23
Suppose -10 = -6*x + 62. List the prime factors of x.
2, 3
Let g(v) = -2*v**2 - 2*v + 2*v + 5*v**2. List the prime factors of g(-1).
3
Let o(h) = h**2 + 12*h + 14. Let i(w) = 5*w + 2. Let m be i(3). Suppose 0 = -s, -19 = 3*z + s + m. List the prime factors of o(z).
2, 7
Let g = 13 - 8. Suppose -2*x - g*f + 30 = 0, -2*x - 2*f = -18 - 0. Suppose 2*d - 5 = -p, -4*d + 0*p + x*p = -17. List the prime factors of d.
3
Suppose -3*z + 10 = -z. Let k = z - 0. List the prime factors of k.
5
Suppose 4*u + 4 + 4 = 0. Let h = 1 - u. Suppose -3*d = -h*x + 5 + 13, -10 = -2*x + d. What are the prime factors of x?
2
What are the prime factors of 413/3 + 2/6?
2, 3, 23
Let m(r) = 2*r - 2. Let d be m(-5). What are the prime factors of (d/10)/((-5)/75)?
2, 3
Let h be ((-52)/(-5))/(4/20). Suppose 0 = j + 3*j - h. List the prime factors of j.
13
Suppose -4*p + 197 = -19. What are the prime factors of p?
2, 3
Let s = -2 + 5. Suppose 0*r = s*r - 15. Suppose 0 = -5*h + q + 10, -r*q + 36 = 4*h - 1. What are the prime factors of h?
3
Let g be 0 + (1 - -1) + -8. Let l be (-4)/(-14) - (-183)/21. What are the prime factors of 69/l - (-4)/g?
7
Suppose -157 = -c - 42. What are the prime factors of c?
5, 23
Let o(r) = 2*r - 2. Let q = -4 - -8. List the prime factors of o(q).
2, 3
Suppose 3*i + 4 = 7*i. What are the prime factors of (i/(-2))/(2/(-64))?
2
Let t(r) = 9*r**2 - r - 3. Let f be t(3). Suppose -5*c - 3*k + 61 = 0, k + f - 22 = 5*c. What are the prime factors of c?
11
List the prime factors of -1 + 0 - (-600)/8.
2, 37
Suppose 8 = -2*h + 4*u, -2*u = 4*h - 3*u - 19. List the prime factors of -3*h*4/(-3).
2, 3
Let u = -5 - -8. Suppose 8*l = u*l. Suppose -5*s + 18 + 22 = l. What are the prime factors of s?
2
Let i(a) = a**2 + 2*a. List the prime factors of i(-14).
2, 3, 7
Let j(o) = -o**2 - 12*o - 15. Let t be j(-10). Suppose 4*x = 4*c - 5*c + 25, -3*x = -4*c + t. List the prime factors of x.
5
Suppose 0 = 118*f - 122*f + 96. What are the prime factors of f?
2, 3
Let o be (-52)/(-10) - 2/10. Suppose -4*q - 8 = t, 5*q + 32 = o*t + q. List the prime factors of t.
2
Let w be 172 + -3 + 3 + 0. Suppose 0 = -9*t + 5*t + w. List the prime factors of t.
43
Let y(v) = v**2 - v - 1. Suppose -5 = 4*h - 2*q + 9, -4*h = -3*q + 17. What are the prime factors of y(h)?
5
Let q be -3 - ((-22)/(-2) - 0). Let m = 2 - q. What are the prime factors of m?
2
Suppose 2*d = 3*d + q - 40, -5*d + 4*q + 155 = 0. What are the prime factors of d?
5, 7
Let c be (-263)/(-4) + (-4)/(-16). Suppose -3*b = r + 1 - 33, 3*r - b = c. List the prime factors of r.
23
Let r(u) = 8*u + 65. Let g(f) = 3*f + 22. Let x(i) = 11*g(i) - 4*r(i). Let n(d) = d - 36. Let c(j) = 3*n(j) - 5*x(j). List the prime factors of c(-12).
2, 3
Let v be (-8)/(-5) - 10/(-25). List the prime factors of (v - -8)*4*1.
2, 5
Let v(o) = 4*o**2 - 3*o - 1. Let t(u) = u - 6. Let h be t(9). List the prime factors of v(h).
2, 13
Let s = 112 + -34. What are the prime factors of s?
2, 3, 13
Let l(n) = n**3 - n**2 + n + 1. Let s(u) = 4*u**2 - 3*u. Let q(f) = l(f) + s(f). What are the prime factors of q(2)?
17
Suppose 26 = 4*m + 5*z + 2, 4*m + 3*z = 16. Let i be (-51)/((-2 + m)/1). Suppose 3*h - i = -15. What are the prime factors of h?
2, 3
Suppose -5 = -4*r + 7. Suppose r*b = 19 + 77. List the prime factors of b.
2
Suppose b = 5*l + 7, -3*b + 5 - 2 = 3*l. Suppose 4*v = b*v + 18. List the prime factors of v.
3
List the prime factors of (-56)/(-16)*(-1 - -15).
7
Let i(x) = x**2 + 10*x - 14. Let o be i(-11). Let y = -2 - o. Suppose k - y = 1. What are the prime factors of k?
2
Let u be -1 + (31 - 3) + 0. Suppose 2*w - u = -z, 0 = 2*w + 2*z - 2 - 20. Li